+ 2. Suppose 3*o - 92 + 5 = 4*j, -v*o + 58 = -j. Calculate the remainder when o is divided by 8.
5
Suppose 0 = -2*v + 6*v. Suppose 2*z + 3*z - 70 = v. What is the remainder when ((-220)/8)/(2/(-4)) is divided by z?
13
Let y(w) = -9*w - 1. Let x = 1 + -2. What is the remainder when y(x) is divided by 5?
3
Suppose -4*k + 0*d = 5*d - 80, -k + 45 = -5*d. Let p = k - 13. Calculate the remainder when 44 is divided by p.
8
Let y(p) = -7*p + 4. Let l(o) = 10*o - 6. Let u(k) = 5*l(k) + 7*y(k). What is the remainder when 9 is divided by u(5)?
0
Let j(c) = 2*c**2 - 3*c - 2. What is the remainder when j(-3) is divided by 8?
1
Let n(j) = -j**2 - 10*j + 2. Calculate the remainder when 128 is divided by n(-6).
24
Let c(n) = -4 + n - n - n. Let j be c(6). Let b = 18 + j. Calculate the remainder when b is divided by 3.
2
Suppose -3*v = -2*w - 61, 0 = -3*v - 2*w - 16 + 69. Calculate the remainder when 41 is divided by v.
3
Let s be -3*(-6)/27*-3. What is the remainder when 3303/81 + s/(-9) is divided by 11?
8
Suppose -3*x = 2*r - 2*x - 36, -4*x = -5*r + 103. What is the remainder when 36 is divided by r?
17
Suppose -5*b = s - 30, 2*s = -b + 2*b + 71. Let i = -5 - -20. Suppose -5*o - 5*v + i = -s, -4*o + 2*v + 46 = 0. What is the remainder when 20 is divided by o?
9
Let q be 6*2/12*3. Suppose -q*j - 8 - 1 = 0, 3*j + 4 = -u. Suppose -3*r = u*x - 47, 3*r + 2*r - 71 = -x. What is the remainder when 26 is divided by r?
12
Let n(p) = p**2 - p - 8. What is the remainder when 62 is divided by n(6)?
18
Suppose -2*v = 147 + 59. Let l = -57 - v. What is the remainder when l is divided by 16?
14
Let s(h) = -h**2 - 7*h + 7. What is the remainder when 64 is divided by s(-6)?
12
Calculate the remainder when 302/(1 - 2 - -3) is divided by 17.
15
Let v(m) = 5*m**2 + 6*m + 6. Calculate the remainder when 53 is divided by v(-2).
11
Suppose -a = 3*j - 3 - 1, 0 = a + 4*j. Let u be 0/(2/(1 + 1)). Suppose u = -4*d + 17 + 7. Calculate the remainder when a is divided by d.
4
Let r(i) = i - 4. Let h be r(6). Let y = -3 + 5. What is the remainder when y is divided by ((-3)/9)/(h/(-6))?
0
Suppose -3*o = -6*o + 174. Calculate the remainder when o is divided by 15.
13
Let k(d) = -6*d - 2. Let c be k(6). Let f = -26 - c. Calculate the remainder when 47 is divided by f.
11
Let d be (-2)/(-9) - (-102)/27. Suppose -l = 2*o + 50, 4*l - 3*o = 34 - 201. Calculate the remainder when l/(-6) - d/(-6) is divided by 5.
3
Let k be 61/3 + 2/(-6). Let i(d) = d**3 - 7*d**2 - 4*d + 11. Let w be i(8). Suppose -3*b = -w - k. What is the remainder when b is divided by 11?
10
Let b = 186 - 133. Calculate the remainder when b is divided by 18.
17
Let j be ((-2)/(-4))/((-4)/(-32)). Suppose 0 = -4*l - 5*h - 149, -j*l + 3*h = 97 + 12. Let i = l + 47. What is the remainder when 46 is divided by i?
14
Suppose 3*h + 5*g + 10 = 0, 0*g = -4*h - 4*g. Suppose 0 = h*q - 1 - 54. What is the remainder when 32 is divided by q?
10
Let y(l) = -16*l - 1. What is the remainder when y(-2) is divided by 17?
14
Let z(u) = 2*u - 19. What is the remainder when z(12) is divided by ((-6)/4)/((-1)/2)?
2
Let q = -3 - -7. Let h be (-9 + 4)/((-2)/4). What is the remainder when 55/h*(-2)/(-1) is divided by q?
3
Suppose 0*w + 2*w - 25 = 3*m, -2*w + 5*m = -19. Let f = -10 + 16. Calculate the remainder when w is divided by f.
5
Suppose -s - 5*g = 5, -3*s + 5*g + 19 + 26 = 0. Let f = -37 + 65. Calculate the remainder when f is divided by s.
8
Suppose 3*t - 87 = -0*t. Let w(q) = 2*q**2 + 6*q + 5. Let h be w(-5). Suppose h = 3*a + 2*g + 3*g, 32 = 3*a - 2*g. What is the remainder when t is divided by a?
9
Suppose 0 = 5*h - u - 52, -6 = -3*h - 3*u + 18. Suppose 0 = 2*k - h - 4. Calculate the remainder when (2 + 2)*(-76)/(-16) is divided by k.
5
Let f(a) be the third derivative of 3*a**5/10 - a**4/12 - a**3/6 - a**2. Calculate the remainder when 75 is divided by f(-1).
18
What is the remainder when 25/(-3)*(-18 - -15) is divided by 9?
7
Let j(s) = s**2 + 10*s - 34. Calculate the remainder when j(-14) is divided by 13.
9
Let b(a) = a**3 - 8*a**2 + 8*a + 2. Let p be b(9). Suppose -2*t + p = 5*n, 6*t = 2*t + 20. Calculate the remainder when n is divided by 15.
14
Suppose -r - 2 = -0, -2*a + 3*r = -12. Let b be 2/4*6/a. Calculate the remainder when ((-15)/4 - b)*-4 is divided by 11.
8
Let a(q) = 5*q**2 + 4*q + 2. Calculate the remainder when 39 is divided by a(-2).
11
Suppose -3*f - 246 = -5*v, 4*f = 19 - 7. Calculate the remainder when v is divided by ((-2)/3)/(4/(-78)).
12
Suppose -f = 3*i - 37, 2*f + 3 = -5*i + 66. What is the remainder when i is divided by 5?
1
Let g(p) = p**3 + 6*p**2 + 5*p. Let q be g(-5). Suppose -2*h + 8 = -q*h. What is the remainder when 2 is divided by 10/4*h/5?
0
Let g(r) = -r + 5. Let c(a) = -a**3 - 6*a**2 - 5. Let n be c(-6). Suppose -171 = -10*z + 109. Calculate the remainder when z is divided by g(n).
8
Let w(u) = -u**2 + 10*u + 7. Let f = 8 - 3. Suppose 2*k - 13 - f = 0. Calculate the remainder when 30 is divided by w(k).
14
Let z(x) = 16*x + 3. Let s(d) = -16*d - 3. Let p(u) = 6*s(u) + 5*z(u). Let r = 51 + -36. Calculate the remainder when p(-2) is divided by r.
14
Let y be ((-106)/6)/((-11)/(-33)). Suppose 3*b + 2*u - 228 = -u, -2*u = -4*b + 316. Let r = y + b. Calculate the remainder when r is divided by 9.
7
Let d = 3 - 1. Suppose -d*f + 11 = -5. What is the remainder when 15 is divided by f?
7
What is the remainder when (85 - (-2 + (-2 - -2))) + -1 is divided by 11?
9
Let c(q) = 3*q**2 + 1. Suppose w + 30 = 5*g - 0*w, -g + 3*w = 8. What is the remainder when g is divided by c(-1)?
3
Suppose -316 - 52 = -8*b. Calculate the remainder when b is divided by 24.
22
Let p = 2 - 0. What is the remainder when 4 is divided by 1 + p + (-1)/1?
0
Suppose -2*m + 7*m = 50. What is the remainder when 17 is divided by m?
7
Let y(b) = b**3 + 9*b**2 + 8*b + 3. What is the remainder when 89 is divided by y(-7)?
44
What is the remainder when (3 + (0 - 4))*-17 is divided by 6?
5
Let v = -27 - -69. Suppose -l = -0*l - u - 15, 5*u - v = -4*l. Calculate the remainder when l is divided by 7.
6
Calculate the remainder when (3*28)/2 - 3 is divided by 14.
11
Let r(g) = -g**2 - 1. Let v be r(-4). Let b = -5 - v. Let n = b + 3. What is the remainder when 44 is divided by n?
14
Suppose -5*q = -3*q + 10, 5*u + 5*q - 160 = 0. Calculate the remainder when 147 is divided by u.
36
Suppose -4*i - 7*h + 5*h = -40, 0 = 4*i - h - 52. What is the remainder when 35/1 + 1 + -1 is divided by i?
11
Suppose 7*l + 94 - 290 = 0. What is the remainder when l is divided by 15?
13
Let c(v) = 2*v**2 + 12*v + 3. Let r(b) = -5*b**2 - 25*b - 6. Let x(p) = -7*c(p) - 3*r(p). Calculate the remainder when 26 is divided by x(10).
5
Let m = -14 + 29. Calculate the remainder when m is divided by 4.
3
Let j = 19 - 13. What is the remainder when 21 is divided by j?
3
Calculate the remainder when 9 is divided by 2/4*(9 - 1).
1
Let o be 2/3 - 70/(-3). Let r = 1 + -1. Let f = r + o. What is the remainder when f is divided by 13?
11
Let i(k) = -k + 16. Let s = 3 + -3. Let g = 16 + 14. Calculate the remainder when g is divided by i(s).
14
Suppose 189 - 24 = 3*f. What is the remainder when f is divided by 19?
17
Let r(n) = n**2 - 4*n + 4. Let i be r(4). Suppose -4*u - i*v = -60, -v = 6*u - 4*u - 26. What is the remainder when 42 is divided by u?
9
Suppose -5*l - 264 + 961 = -2*s, 5*s = -3*l + 412. What is the remainder when l is divided by 28?
27
Suppose 2*w = -2*w. Suppose n - 2 - 4 = w. Calculate the remainder when (2/(-6))/((-3)/198) is divided by n.
4
Suppose -2*o = -229 + 23. Suppose -3*p + o = 3*t + 1, 0 = -5*t + 25. What is the remainder when p is divided by 10?
9
Let s be 21/12*(-5 + -7). Let v = s + 52. What is the remainder when v is divided by 8?
7
Suppose -4*a = 54 - 2. Let w = -7 - a. Suppose -2*n = -f + 4*f - 20, 2*f = 4*n - 8. What is the remainder when w is divided by f?
2
What is the remainder when 43 is divided by (-3 - -3) + 21 + (-6)/2?
7
Let y(f) = -f**3 - 4*f**2 + f + 2. Let t be y(-4). Let p(o) = o**3 + 3*o - 5. Calculate the remainder when p(2) is divided by (-2)/((-16)/(-10) + t).
4
Let z = -129 + 333. What is the remainder when z is divided by 41?
40
Suppose -16 = 5*v + 4*z, 3*v + v - 4 = z. Suppose 12 = 3*b - v*b. Calculate the remainder when 6 is divided